{"id":118,"date":"2019-04-14T15:10:52","date_gmt":"2019-04-14T15:10:52","guid":{"rendered":"http:\/\/rokoko.net\/?page_id=118"},"modified":"2019-04-14T15:10:52","modified_gmt":"2019-04-14T15:10:52","slug":"reenactment","status":"publish","type":"page","link":"http:\/\/rokoko.net\/?page_id=118","title":{"rendered":"Reenactment"},"content":{"rendered":"<p>to reenact (engl.): wieder in Kraft setzen; thea. neu inszenieren; wiederholen.<\/p>\n<div id=\"main_container\">\n<div id=\"sub_container2\">\n<div id=\"content_container\">\n<p align=\"justify\"><strong> Was ist Reenactment?<br \/>\n<\/strong><br \/>\nBeim Reenactment\u00a0wird versucht, eine vergangene Epoche so gut als m\u00f6glich historisch\u00a0korrekt darzustellen. Anders ausgedr\u00fcckt also\u00a0&#8222;Geschichte zum Anfassen&#8220; oder eine Art\u00a0&#8222;lebendiges Museum&#8220;. Reenactment ist in erster Linie als Hobby zu verstehen. Nur wenige spezialisierte Handwerker und H\u00e4ndler k\u00f6nnen\u00a0hauptberuflich davon leben. Seinen Ursprung findet Reenactment\u00a0in England, daher werden h\u00e4ufig Anglizismen verwendet. Es wird auch oft als &#8222;Living-History&#8220; bezeichnet.<\/p>\n<p align=\"justify\"><strong> Wo wird Reenactment durchgef\u00fchrt?<br \/>\n<\/strong><br \/>\nIn der Regel\u00a0werden Reenactments vor Publikum dargestellt und finden in Museen, Burganlagen, historischen Altst\u00e4dten, Freilichtmuseen, Geschichtsparks oder an Originalschaupl\u00e4tzen historischer Ereignisse statt.<\/p>\n<p align=\"justify\"><strong> Was wird im Rahmen eines Reenactments dargestellt?<br \/>\n<\/strong><br \/>\nReenactments besch\u00e4ftigen\u00a0sich mit den unterschiedlichsten\u00a0Themen. Mei\u00dft werden sie zur Veranschaulichung und zum Nachempfinden historischer Ereignisse veranstaltet. In unserer Gegend (Oberfranken) finden sich vor\u00a0allem historische Handwerks- und Handelsm\u00e4rkte mit Schauk\u00e4mpfen und musikalischen Darbietungen aus der Zeit des Mittelalters.<\/p>\n<p align=\"justify\">Aber es gibt auch Events aus andern zeitlichen Epochen und Regionen. Zum Beispiel fern\u00f6stliche (Stichwort: Samurai) oder amerikanische (amerik. B\u00fcrgerkrieg, Indianer, usw.). Allerdings steht das Reenactment der europ\u00e4ischen Geschichte im Vordergrund.<\/p>\n<p align=\"justify\">Reenactment hat nichts mit der Verbreitung oder Vermittlung religi\u00f6ser oder weltanschaulicher \u00dcberzeugungen zu tun. Es stellt wertfrei, wenn auch manchmal emotional, eine vergangene Epoche dar.<\/p>\n<p align=\"justify\"><strong> Wie authentisch muss Reenactment sein?<br \/>\n<\/strong><br \/>\nGenaugenommen\u00a0muss s\u00e4mtliche Ausr\u00fcstung so originalgetreu wie m\u00f6glich sein. Dies gilt f\u00fcr ein Paar Schuhe genauso wie f\u00fcr einen kompletten Schiffsnachbau. Um solche Ausr\u00fcstung herzustellen ist gr\u00fcndliche Nachforschung erforderlich. Als Quellen und Vorbilder dienen vornehmlich Grabungsfunde, zeitgen\u00f6ssische Abbildungen\u00a0 (Manuskripte, Bildsteine, Statuen), Beschreibungen in historischen Texten.<\/p>\n<p align=\"justify\">Aber auch die sogenannten Barockfeste besch\u00e4ftigen sich mit derselben Thematik, eben der Vergangenheit. \u00a0Sie sollen mehr das Flair einer vergangenen, romantisch verkl\u00e4rten Epoche vermitteln als die korrekten historischen Gegebenheiten vermitteln.<\/p>\n<p align=\"justify\">Somit gibt es Grauzonen und \u00dcberschneidungen zwischen diesen artverwandten Bereichen.<\/p>\n<p align=\"justify\">Zusammenfassend kann man sagen, da\u00df bei Museen und arch\u00e4ologischen Experimenten das wissenschaftlich korrekte Arbeiten entscheidend ist, w\u00e4hrend bei Mittelalterm\u00e4rkten der Unterhaltungswert im Vordergrund steht. Das klassische Reenactment bewegt sich irgendwo dazwischen.<\/p>\n<\/div>\n<\/div>\n<\/div>\n<div id=\"footer\">\n<div id=\"footer_text\">\n<h1><strong>Barock erleben!<\/strong><\/h1>\n<\/div>\n<\/div>\n<p>&nbsp;<\/p>\n","protected":false},"excerpt":{"rendered":"<p>to reenact (engl.): wieder in Kraft setzen; thea. neu inszenieren; wiederholen. Was ist Reenactment? Beim Reenactment\u00a0wird versucht, eine vergangene Epoche so gut als m\u00f6glich historisch\u00a0korrekt darzustellen. Anders ausgedr\u00fcckt also\u00a0&#8222;Geschichte zum Anfassen&#8220; oder eine Art\u00a0&#8222;lebendiges Museum&#8220;. Reenactment ist in erster Linie als Hobby zu verstehen. Nur wenige spezialisierte Handwerker und H\u00e4ndler k\u00f6nnen\u00a0hauptberuflich davon leben. Seinen Ursprung &hellip; <\/p>\n<p class=\"link-more\"><a href=\"http:\/\/rokoko.net\/?page_id=118\" class=\"more-link\"><span class=\"screen-reader-text\">\u201eReenactment\u201c <\/span>weiterlesen<\/a><\/p>\n","protected":false},"author":1,"featured_media":0,"parent":0,"menu_order":0,"comment_status":"closed","ping_status":"closed","template":"","meta":{"footnotes":""},"class_list":["post-118","page","type-page","status-publish","hentry"],"_links":{"self":[{"href":"http:\/\/rokoko.net\/index.php?rest_route=\/wp\/v2\/pages\/118","targetHints":{"allow":["GET"]}}],"collection":[{"href":"http:\/\/rokoko.net\/index.php?rest_route=\/wp\/v2\/pages"}],"about":[{"href":"http:\/\/rokoko.net\/index.php?rest_route=\/wp\/v2\/types\/page"}],"author":[{"embeddable":true,"href":"http:\/\/rokoko.net\/index.php?rest_route=\/wp\/v2\/users\/1"}],"replies":[{"embeddable":true,"href":"http:\/\/rokoko.net\/index.php?rest_route=%2Fwp%2Fv2%2Fcomments&post=118"}],"version-history":[{"count":1,"href":"http:\/\/rokoko.net\/index.php?rest_route=\/wp\/v2\/pages\/118\/revisions"}],"predecessor-version":[{"id":119,"href":"http:\/\/rokoko.net\/index.php?rest_route=\/wp\/v2\/pages\/118\/revisions\/119"}],"wp:attachment":[{"href":"http:\/\/rokoko.net\/index.php?rest_route=%2Fwp%2Fv2%2Fmedia&parent=118"}],"curies":[{"name":"wp","href":"https:\/\/api.w.org\/{rel}","templated":true}]}}