{"id":82,"date":"2019-04-14T14:57:49","date_gmt":"2019-04-14T14:57:49","guid":{"rendered":"http:\/\/rokoko.net\/?page_id=82"},"modified":"2019-04-21T08:55:25","modified_gmt":"2019-04-21T08:55:25","slug":"garde-du-corps","status":"publish","type":"page","link":"http:\/\/rokoko.net\/?page_id=82","title":{"rendered":"Garde du Corps"},"content":{"rendered":"<p>Garde du Corps (franz\u00f6sisch f\u00fcr Leibgarde) sind Verb\u00e4nde der Garde. Erstmals wurde 1445 in Frankreich eine Garde du Corps aufgestellt. Seit dem 17. Jahrhundert wurde der Begriff in mehreren deutschen Staaten (u.a. Landgrafschaft Hessen-Kassel, Kurf\u00fcrstentum Sachsen etc.) und zum Beispiel auch im K\u00f6nigreich beider Sizilien f\u00fcr einige Regimenter der schweren Kavallerie verwendet, deren Inhaber oft der Landesf\u00fcrst war.<\/p>\n<h2><strong> Landgrafschaft Hessen-Kassel<\/strong><\/h2>\n<p><img loading=\"lazy\" decoding=\"async\" class=\"alignnone size-medium wp-image-8\" src=\"http:\/\/rokoko.net\/wp-content\/uploads\/2019\/04\/Hessian_Garde_du_Corps_Standard-Bearer-117x300-117x300.jpg\" alt=\"\" width=\"117\" height=\"300\" \/> <img loading=\"lazy\" decoding=\"async\" class=\"alignnone size-medium wp-image-5\" src=\"http:\/\/rokoko.net\/wp-content\/uploads\/2019\/04\/1479201_673781262643026_1849783782_n-212x300-212x300.jpg\" alt=\"\" width=\"212\" height=\"300\" \/><\/p>\n<p>Auch die Landgrafschaft Hessen-Kassel bzw. sp\u00e4ter das Kurf\u00fcrstentum Hessen-Kassel hatte ein Garde du Corps. Das Hessen-Kasselsche Garde du Corps wurde 1619, zur Zeit des Landgrafen Moritz des Gelehrten, erstmalig mit 50 K\u00fcrassieren erw\u00e4hnt. Die Garde blieb aber nur bis 1797 in der Kloster-Kaserne. Der Platz der heutigen Oskar-von-Miller-Schule diente als Reitbahn.<\/p>\n<p><strong>Es bestand:<\/strong><\/p>\n<ul>\n<li>1619 50 Arquebusier-Reiter als F\u00fcrstl. Leibgarde; wechselnde Bezeichnungen a. a.: K\u00fcrassier-Reiter bei Hofe, F\u00fcrstl. Leibcompagnie zu Ro\u00df, Leibguardia zu Pferd<\/li>\n<li>1716 Garde du Corps (2 Compagnien)<\/li>\n<li>1730 vereinigt mit der \u00fcbrigen Kavallerie vereinigt<\/li>\n<li>1760 Garde du Corps (2 Compagnien)<\/li>\n<li>1787 Regiment Garde du Corps (6 Compagnien)<\/li>\n<li>1791 Garde du Corps (1 Escadron)<\/li>\n<li>1803 Kurf\u00fcrstl. Hess. Garde Corps<\/li>\n<li>1830 Garde du Corps (2 Escadrons)<\/li>\n<li>1831 Regiment Garde du Corps<\/li>\n<li>1832 Regiment Garde du Corps (4 Escadrons)<\/li>\n<li>1840 Garde du Corps (2 Escadrons)<\/li>\n<li>1848 Kurf\u00fcrst-Husaren<\/li>\n<li>1849 Regiment Kurf\u00fcrst-Husaren (fr\u00fchere Garde du Corps) wieder selbst\u00e4ndig<\/li>\n<li>1851 Garde du Corps (Annahme des alten Namen)<\/li>\n<li>1866 Garde du Corps aufgehoben. Die Leib-Escadron wird dem 1., die 2. Escadron dem 2. Husaren-Regiment einverleibt.<\/li>\n<\/ul>\n<p>Standort war das ehemalige Kloster Ahnaberg als Kloster-Kaserne (1512-1878) in Kassel f\u00fcr das Garde du Corps.<\/p>\n<p><img loading=\"lazy\" decoding=\"async\" class=\"alignnone size-medium wp-image-11\" src=\"http:\/\/rokoko.net\/wp-content\/uploads\/2019\/04\/KLOSTER-KASERNE_KASSEL_1512-1878-300x225-300x225.jpg\" alt=\"\" width=\"300\" height=\"225\" \/> <img loading=\"lazy\" decoding=\"async\" class=\"alignnone size-medium wp-image-11\" src=\"http:\/\/rokoko.net\/wp-content\/uploads\/2019\/04\/KLOSTER-KASERNE_KASSEL_1512-1878-300x225-300x225.jpg\" alt=\"\" width=\"300\" height=\"225\" \/><\/p>\n<h2><strong>Kurf\u00fcrstentum Sachsen\u00a0<\/strong><\/h2>\n<p><img loading=\"lazy\" decoding=\"async\" class=\"alignnone size-medium wp-image-38\" src=\"http:\/\/rokoko.net\/wp-content\/uploads\/2019\/04\/General1730-279x300.jpg\" alt=\"\" width=\"279\" height=\"300\" srcset=\"http:\/\/rokoko.net\/wp-content\/uploads\/2019\/04\/General1730-279x300.jpg 279w, http:\/\/rokoko.net\/wp-content\/uploads\/2019\/04\/General1730.jpg 540w\" sizes=\"auto, (max-width: 279px) 100vw, 279px\" \/> <img loading=\"lazy\" decoding=\"async\" class=\"alignnone size-medium wp-image-66\" src=\"http:\/\/rokoko.net\/wp-content\/uploads\/2019\/04\/Off.derGardedeCorps-291x300.jpg\" alt=\"\" width=\"291\" height=\"300\" srcset=\"http:\/\/rokoko.net\/wp-content\/uploads\/2019\/04\/Off.derGardedeCorps-291x300.jpg 291w, http:\/\/rokoko.net\/wp-content\/uploads\/2019\/04\/Off.derGardedeCorps.jpg 540w\" sizes=\"auto, (max-width: 291px) 100vw, 291px\" \/><\/p>\n<p>Kurf\u00fcrst Johann Georg III. gilt als Begr\u00fcnder des stehenden Heeres in Sachsen. Die s\u00e4chsischen St\u00e4nde \u00fcberzeugte er im Jahre 1681, dass es teurer war wie bis dahin \u00fcblich im Kriegsfall S\u00f6ldnerheere aufzustellen und diese im Frieden zu entlassen als die Bildung eines stehenden Heeres. Als erstes wurden dann im Jahre 1682 die bis dato vorhandenen Haus- und Gardetruppen und andere kleine Truppenteile in Linienregimenter umgebildet.<\/p>\n<p>Das s\u00e4chsische Garde du Corps existierte seit 1620 zun\u00e4chst mit wechselnden Namen. Seit 1707 hie\u00df es st\u00e4ndig Garde du Corps und war in Dresden und Umgebung stationiert. Zur Zeit August des Starken war es ein \u201eDoppelregiment\u201c mit 883 Mann. Unter seinen Nachfolgern wurde es verringert, blieb aber eine Elitetruppe. Die Offiziere des Garde du Corps rangierten zeremoniell und im Sold um eine Stufe h\u00f6her als die der \u00fcbrigen Regimenter. Es ging 1812 im Russlandfeldzug unter und wurde nicht wieder aufgestellt.<\/p>\n<p>Die seit 1807 bestehende Leib-K\u00fcrassier-Garde wurde 1822 in Garde-Reiter-Regiment umbenannt. Es wurde am 31. M\u00e4rz 1919 aufgel\u00f6st.<\/p>\n<p>Die Uniformen z.B. der Gener\u00e4le variierten in Farbe innerhalb von ein paar Jahren. Aus dem roten Justaucorps um 1730 wurde ein wei\u00dfes im Jahre 1735. Eine mehr oder weniger reiche Goldstickerei lies die einzelnen R\u00e4nge erkennen. Der General en chef, nach heutigen Begriffen der kommandierende General der s\u00e4chsischen Armee trug eine noch reichhaltiger bestickte Uniform. Bei diesem h\u00f6chsten Dienstgrad war einfach alles, die Kanten des Rockes, die Aufschl\u00e4ge, die N\u00e4hte und Taschenplatten sowie die Weste, mit reicher Blattstickerei und Pailletten besetzt und zus\u00e4tzlich die Knopfl\u00f6cher und Kn\u00f6pfe umstickt.<\/p>\n<p><strong>Literatur<\/strong><\/p>\n<p>Kn\u00f6tel, Richard, Uniformkunde. Band X, No. 15, Berlin 1890.<\/p>\n<p>M\u00fcller, Reinhold, Die Armee August des Starken &#8211; Das S\u00e4chsische Heer von 1730 bis 1733, Berlin 1984.<\/p>\n<p>&nbsp;<\/p>\n","protected":false},"excerpt":{"rendered":"<p>Garde du Corps (franz\u00f6sisch f\u00fcr Leibgarde) sind Verb\u00e4nde der Garde. Erstmals wurde 1445 in Frankreich eine Garde du Corps aufgestellt. Seit dem 17. Jahrhundert wurde der Begriff in mehreren deutschen Staaten (u.a. Landgrafschaft Hessen-Kassel, Kurf\u00fcrstentum Sachsen etc.) und zum Beispiel auch im K\u00f6nigreich beider Sizilien f\u00fcr einige Regimenter der schweren Kavallerie verwendet, deren Inhaber oft &hellip; <\/p>\n<p class=\"link-more\"><a href=\"http:\/\/rokoko.net\/?page_id=82\" class=\"more-link\"><span class=\"screen-reader-text\">\u201eGarde du Corps\u201c <\/span>weiterlesen<\/a><\/p>\n","protected":false},"author":1,"featured_media":7,"parent":0,"menu_order":0,"comment_status":"closed","ping_status":"closed","template":"","meta":{"footnotes":""},"class_list":["post-82","page","type-page","status-publish","has-post-thumbnail","hentry"],"_links":{"self":[{"href":"http:\/\/rokoko.net\/index.php?rest_route=\/wp\/v2\/pages\/82","targetHints":{"allow":["GET"]}}],"collection":[{"href":"http:\/\/rokoko.net\/index.php?rest_route=\/wp\/v2\/pages"}],"about":[{"href":"http:\/\/rokoko.net\/index.php?rest_route=\/wp\/v2\/types\/page"}],"author":[{"embeddable":true,"href":"http:\/\/rokoko.net\/index.php?rest_route=\/wp\/v2\/users\/1"}],"replies":[{"embeddable":true,"href":"http:\/\/rokoko.net\/index.php?rest_route=%2Fwp%2Fv2%2Fcomments&post=82"}],"version-history":[{"count":7,"href":"http:\/\/rokoko.net\/index.php?rest_route=\/wp\/v2\/pages\/82\/revisions"}],"predecessor-version":[{"id":253,"href":"http:\/\/rokoko.net\/index.php?rest_route=\/wp\/v2\/pages\/82\/revisions\/253"}],"wp:featuredmedia":[{"embeddable":true,"href":"http:\/\/rokoko.net\/index.php?rest_route=\/wp\/v2\/media\/7"}],"wp:attachment":[{"href":"http:\/\/rokoko.net\/index.php?rest_route=%2Fwp%2Fv2%2Fmedia&parent=82"}],"curies":[{"name":"wp","href":"https:\/\/api.w.org\/{rel}","templated":true}]}}

<p>Garde du Corps (französisch für Leibgarde) sind Verbände der Garde. Erstmals wurde 1445 in Frankreich eine Garde du Corps aufgestellt. Seit dem 17. Jahrhundert wurde der Begriff in mehreren deutschen Staaten (u.a. Landgrafschaft Hessen-Kassel, Kurfürstentum Sachsen etc.) und zum Beispiel auch im Königreich beider Sizilien für einige Regimenter der schweren Kavallerie verwendet, deren Inhaber oft der Landesfürst war.</p>
<h2><strong> Landgrafschaft Hessen-Kassel</strong></h2>
<p><img loading="lazy" decoding="async" class="alignnone size-medium wp-image-8" src="http://rokoko.net/wp-content/uploads/2019/04/Hessian_Garde_du_Corps_Standard-Bearer-117x300-117x300.jpg" alt="" width="117" height="300" /> <img loading="lazy" decoding="async" class="alignnone size-medium wp-image-5" src="http://rokoko.net/wp-content/uploads/2019/04/1479201_673781262643026_1849783782_n-212x300-212x300.jpg" alt="" width="212" height="300" /></p>
<p>Auch die Landgrafschaft Hessen-Kassel bzw. später das Kurfürstentum Hessen-Kassel hatte ein Garde du Corps. Das Hessen-Kasselsche Garde du Corps wurde 1619, zur Zeit des Landgrafen Moritz des Gelehrten, erstmalig mit 50 Kürassieren erwähnt. Die Garde blieb aber nur bis 1797 in der Kloster-Kaserne. Der Platz der heutigen Oskar-von-Miller-Schule diente als Reitbahn.</p>
<p><strong>Es bestand:</strong></p>
<ul>
<li>1619 50 Arquebusier-Reiter als Fürstl. Leibgarde; wechselnde Bezeichnungen a. a.: Kürassier-Reiter bei Hofe, Fürstl. Leibcompagnie zu Roß, Leibguardia zu Pferd</li>
<li>1716 Garde du Corps (2 Compagnien)</li>
<li>1730 vereinigt mit der übrigen Kavallerie vereinigt</li>
<li>1760 Garde du Corps (2 Compagnien)</li>
<li>1787 Regiment Garde du Corps (6 Compagnien)</li>
<li>1791 Garde du Corps (1 Escadron)</li>
<li>1803 Kurfürstl. Hess. Garde Corps</li>
<li>1830 Garde du Corps (2 Escadrons)</li>
<li>1831 Regiment Garde du Corps</li>
<li>1832 Regiment Garde du Corps (4 Escadrons)</li>
<li>1840 Garde du Corps (2 Escadrons)</li>
<li>1848 Kurfürst-Husaren</li>
<li>1849 Regiment Kurfürst-Husaren (frühere Garde du Corps) wieder selbständig</li>
<li>1851 Garde du Corps (Annahme des alten Namen)</li>
<li>1866 Garde du Corps aufgehoben. Die Leib-Escadron wird dem 1., die 2. Escadron dem 2. Husaren-Regiment einverleibt.</li>
</ul>
<p>Standort war das ehemalige Kloster Ahnaberg als Kloster-Kaserne (1512-1878) in Kassel für das Garde du Corps.</p>
<p><img loading="lazy" decoding="async" class="alignnone size-medium wp-image-11" src="http://rokoko.net/wp-content/uploads/2019/04/KLOSTER-KASERNE_KASSEL_1512-1878-300x225-300x225.jpg" alt="" width="300" height="225" /> <img loading="lazy" decoding="async" class="alignnone size-medium wp-image-11" src="http://rokoko.net/wp-content/uploads/2019/04/KLOSTER-KASERNE_KASSEL_1512-1878-300x225-300x225.jpg" alt="" width="300" height="225" /></p>
<h2><strong>Kurfürstentum Sachsen </strong></h2>
<p><img loading="lazy" decoding="async" class="alignnone size-medium wp-image-38" src="http://rokoko.net/wp-content/uploads/2019/04/General1730-279x300.jpg" alt="" width="279" height="300" srcset="http://rokoko.net/wp-content/uploads/2019/04/General1730-279x300.jpg 279w, http://rokoko.net/wp-content/uploads/2019/04/General1730.jpg 540w" sizes="auto, (max-width: 279px) 100vw, 279px" /> <img loading="lazy" decoding="async" class="alignnone size-medium wp-image-66" src="http://rokoko.net/wp-content/uploads/2019/04/Off.derGardedeCorps-291x300.jpg" alt="" width="291" height="300" srcset="http://rokoko.net/wp-content/uploads/2019/04/Off.derGardedeCorps-291x300.jpg 291w, http://rokoko.net/wp-content/uploads/2019/04/Off.derGardedeCorps.jpg 540w" sizes="auto, (max-width: 291px) 100vw, 291px" /></p>
<p>Kurfürst Johann Georg III. gilt als Begründer des stehenden Heeres in Sachsen. Die sächsischen Stände überzeugte er im Jahre 1681, dass es teurer war wie bis dahin üblich im Kriegsfall Söldnerheere aufzustellen und diese im Frieden zu entlassen als die Bildung eines stehenden Heeres. Als erstes wurden dann im Jahre 1682 die bis dato vorhandenen Haus- und Gardetruppen und andere kleine Truppenteile in Linienregimenter umgebildet.</p>
<p>Das sächsische Garde du Corps existierte seit 1620 zunächst mit wechselnden Namen. Seit 1707 hieß es ständig Garde du Corps und war in Dresden und Umgebung stationiert. Zur Zeit August des Starken war es ein „Doppelregiment“ mit 883 Mann. Unter seinen Nachfolgern wurde es verringert, blieb aber eine Elitetruppe. Die Offiziere des Garde du Corps rangierten zeremoniell und im Sold um eine Stufe höher als die der übrigen Regimenter. Es ging 1812 im Russlandfeldzug unter und wurde nicht wieder aufgestellt.</p>
<p>Die seit 1807 bestehende Leib-Kürassier-Garde wurde 1822 in Garde-Reiter-Regiment umbenannt. Es wurde am 31. März 1919 aufgelöst.</p>
<p>Die Uniformen z.B. der Generäle variierten in Farbe innerhalb von ein paar Jahren. Aus dem roten Justaucorps um 1730 wurde ein weißes im Jahre 1735. Eine mehr oder weniger reiche Goldstickerei lies die einzelnen Ränge erkennen. Der General en chef, nach heutigen Begriffen der kommandierende General der sächsischen Armee trug eine noch reichhaltiger bestickte Uniform. Bei diesem höchsten Dienstgrad war einfach alles, die Kanten des Rockes, die Aufschläge, die Nähte und Taschenplatten sowie die Weste, mit reicher Blattstickerei und Pailletten besetzt und zusätzlich die Knopflöcher und Knöpfe umstickt.</p>
<p><strong>Literatur</strong></p>
<p>Knötel, Richard, Uniformkunde. Band X, No. 15, Berlin 1890.</p>
<p>Müller, Reinhold, Die Armee August des Starken &#8211; Das Sächsische Heer von 1730 bis 1733, Berlin 1984.</p>
<p>&nbsp;</p>

<p>Garde du Corps (französisch für Leibgarde) sind Verbände der Garde. Erstmals wurde 1445 in Frankreich eine Garde du Corps aufgestellt. Seit dem 17. Jahrhundert wurde der Begriff in mehreren deutschen Staaten (u.a. Landgrafschaft Hessen-Kassel, Kurfürstentum Sachsen etc.) und zum Beispiel auch im Königreich beider Sizilien für einige Regimenter der schweren Kavallerie verwendet, deren Inhaber oft &hellip; </p>
<p class="link-more"><a href="http://rokoko.net/?page_id=82" class="more-link"><span class="screen-reader-text">„Garde du Corps“ </span>weiterlesen</a></p>
